{"id":9,"date":"2026-02-12T16:05:50","date_gmt":"2026-02-12T15:05:50","guid":{"rendered":"http:\/\/localhost:8080\/?page_id=9"},"modified":"2026-03-15T16:55:43","modified_gmt":"2026-03-15T15:55:43","slug":"emdr-terapia-kecskemet","status":"publish","type":"page","link":"https:\/\/drszakalagnes.hu\/","title":{"rendered":"EMDR ter\u00e1pia \u00e9s pszichol\u00f3giai tan\u00e1csad\u00e1s feln\u0151tteknek"},"content":{"rendered":"\n<div class=\"gb-element-7a6a06d7\">\n<div class=\"gb-element-18a0c7eb\">\n<div class=\"gb-element-c12e2a39\">\n<h1 class=\"gb-text gb-text-095ead57\">EMDR ter\u00e1pia \u00e9s pszichol\u00f3giai tan\u00e1csad\u00e1s feln\u0151tteknek<\/h1>\n\n\n\n<p class=\"gb-text gb-text-4432201e\">Biztons\u00e1gos, szakmailag megalapozott t\u00e1mogat\u00e1s a lelki elakad\u00e1sok feldolgoz\u00e1s\u00e1hoz<\/p>\n\n\n\n<a class=\"gb-text gb-text-bb3e47eb\" href=\"#kapcsolat\">Id\u0151pontk\u00e9r\u00e9s <\/a>\n<\/div>\n\n\n\n<div class=\"gb-element-5855d77d\">\n<img loading=\"lazy\" decoding=\"async\" width=\"800\" height=\"1202\" class=\"gb-media-adbf66f8\" alt=\"\" title=\"emdr-terapeuta-kecskemet-7\" src=\"https:\/\/drszakalagnes.hu\/wp-content\/uploads\/2026\/03\/emdr-terapeuta-kecskemet-7.jpg\" srcset=\"https:\/\/drszakalagnes.hu\/wp-content\/uploads\/2026\/03\/emdr-terapeuta-kecskemet-7.jpg 800w, https:\/\/drszakalagnes.hu\/wp-content\/uploads\/2026\/03\/emdr-terapeuta-kecskemet-7-200x300.jpg 200w, https:\/\/drszakalagnes.hu\/wp-content\/uploads\/2026\/03\/emdr-terapeuta-kecskemet-7-682x1024.jpg 682w, https:\/\/drszakalagnes.hu\/wp-content\/uploads\/2026\/03\/emdr-terapeuta-kecskemet-7-768x1154.jpg 768w\" sizes=\"auto, (max-width: 800px) 100vw, 800px\" \/>\n<\/div>\n<\/div>\n<\/div>\n\n\n\n<div class=\"gb-element-4f940a18\">\n<h2 class=\"gb-text gb-text-45b3571e\">R\u00f6viden r\u00f3lam<\/h2>\n\n\n\n<div class=\"gb-element-043856a9\">\n<div class=\"gb-element-ade094a6\">\n<img loading=\"lazy\" decoding=\"async\" width=\"800\" height=\"1202\" class=\"gb-media-2f07e19f\" alt=\"\" title=\"dr_szakal_agnes\" src=\"https:\/\/drszakalagnes.hu\/wp-content\/uploads\/2026\/03\/dr_szakal_agnes.jpg\" srcset=\"https:\/\/drszakalagnes.hu\/wp-content\/uploads\/2026\/03\/dr_szakal_agnes.jpg 800w, https:\/\/drszakalagnes.hu\/wp-content\/uploads\/2026\/03\/dr_szakal_agnes-200x300.jpg 200w, https:\/\/drszakalagnes.hu\/wp-content\/uploads\/2026\/03\/dr_szakal_agnes-682x1024.jpg 682w, https:\/\/drszakalagnes.hu\/wp-content\/uploads\/2026\/03\/dr_szakal_agnes-768x1154.jpg 768w\" sizes=\"auto, (max-width: 800px) 100vw, 800px\" \/>\n<\/div>\n\n\n\n<div class=\"gb-element-346b8341\">\n<p class=\"gb-text gb-text-33f8a5fa\">Tan\u00e1csad\u00f3 szakpszichol\u00f3gus vagyok, csal\u00e1d- \u00e9s p\u00e1rkapcsolati szakir\u00e1ny\u00fa v\u00e9gzetts\u00e9ggel, EMDR terapeuta, valamint autog\u00e9n tr\u00e9ner k\u00e9pzetts\u00e9ggel.<\/p>\n\n\n\n<p class=\"gb-text gb-text-bfc8418f\">Feln\u0151tteket seg\u00edtek egy\u00e9ni \u00e9s kapcsolati neh\u00e9zs\u00e9gek feldolgoz\u00e1s\u00e1ban.<\/p>\n\n\n\n<p class=\"gb-text gb-text-361df5e7\">Munk\u00e1m k\u00f6z\u00e9ppontj\u00e1ban a biztons\u00e1gos ter\u00e1pi\u00e1s kapcsolat, a szakmai megalapozotts\u00e1g \u00e9s az egy\u00e9ni ig\u00e9nyekhez igazod\u00f3 seg\u00edts\u00e9g \u00e1ll.<\/p>\n\n\n\n<p class=\"gb-text gb-text-6a32e521\">EMDR ter\u00e1pia, egy\u00e9ni pszichol\u00f3giai tan\u00e1csad\u00e1s, p\u00e1rkapcsolati konzult\u00e1ci\u00f3 \u00e9s autog\u00e9n tr\u00e9ning keret\u00e9ben t\u00e1mogatom azokat, akik szeretn\u00e9nek v\u00e1ltoz\u00e1st, meg\u00e9rt\u00e9st vagy megk\u00f6nnyebb\u00fcl\u00e9st \u00e9let\u00fck neh\u00e9z szakaszaiban.<\/p>\n\n\n\n<p class=\"gb-text\">Kecskem\u00e9ti rendel\u0151mben szem\u00e9lyesen, valamint egy\u00e9ni konzult\u00e1ci\u00f3t sz\u00fcks\u00e9g eset\u00e9n online form\u00e1ban is biztos\u00edtok.<\/p>\n\n\n\n<div class=\"gb-element-008744cb custom-anchor\">\n<p class=\"gb-text gb-text-92b2514b\"><a href=\"\/index.php\/rolam\/\">Tov\u00e1bbi inform\u00e1ci\u00f3 r\u00f3lam \u2192<\/a><\/p>\n<\/div>\n<\/div>\n<\/div>\n<\/div>\n\n\n\n<div class=\"gb-element-f4713980\">\n<div class=\"gb-element-7a737d05\">\n<h2 class=\"gb-text gb-text-c9eb4fd0\">EMDR ter\u00e1pia<\/h2>\n\n\n\n<p class=\"has-text-align-center\"><em>Amikor a m\u00falt t\u00fal er\u0151sen hat a jelenre<\/em><\/p>\n\n\n\n<p class=\"gb-text gb-text-7009d690\">Az EMDR egy struktur\u00e1lt, tudom\u00e1nyosan megalapozott m\u00f3dszer, amely seg\u00edthet a megterhel\u0151, feldolgozatlan \u00e9lm\u00e9nyek feldolgoz\u00e1s\u00e1ban.<\/p>\n\n\n\n<p class=\"gb-text gb-text-d41381d0\">A m\u00f3dszer c\u00e9lja nem az eml\u00e9kek elt\u00f6rl\u00e9se, hanem azok \u00e9rzelmi terhelts\u00e9g\u00e9nek cs\u00f6kkent\u00e9se, hogy ne befoly\u00e1solj\u00e1k tov\u00e1bb a jelen \u00e9letet.<\/p>\n\n\n\n<p class=\"gb-text gb-text-359d9e26\">Az EMDR ter\u00e1pia sor\u00e1n nem sz\u00fcks\u00e9ges a traum\u00e1t r\u00e9szletesen \u00fajra\u00e9lni, \u00e9s a folyamat minden esetben a kliens biztons\u00e1g\u00e1t \u00e9s terhelhet\u0151s\u00e9g\u00e9t szem el\u0151tt tartva zajlik.<\/p>\n\n\n\n<div class=\"gb-element-486d0a87 custom-anchor\">\n<p class=\"gb-text gb-text-873750fc\"><a data-type=\"link\" data-id=\"\/index.php\/emdr-terapia\/\" href=\"\/index.php\/emdr-terapia\/\"><\/a><a href=\"\/index.php\/emdr-terapia-felnotteknek-kecskemeten\">Tov\u00e1bb az EMDR ter\u00e1pi\u00e1r\u00f3l \u2192<\/a><\/p>\n<\/div>\n<\/div>\n<\/div>\n\n\n\n<div class=\"gb-element-40aa7aa7\">\n<h2 class=\"gb-text gb-text-5f953a22\">Miben tudok seg\u00edteni?<\/h2>\n\n\n\n<section class=\"services-section\">\n  <div class=\"services-grid\">\n\n    <div class=\"custom-card\">\n      <h3>EMDR ter\u00e1pia<\/h3>\n      <p>Traumatikus \u00e9lm\u00e9nyek, szorong\u00e1s \u00e9s visszat\u00e9r\u0151 negat\u00edv mint\u00e1k feldolgoz\u00e1sa.<\/p>\n      <a href=\"\/index.php\/emdr-terapia-felnotteknek-kecskemeten\">R\u00e9szletek \u2192<\/a>\n    <\/div>\n\n<div class=\"custom-card\">\n      <h3>Egy\u00e9ni tan\u00e1csad\u00e1s\n<\/h3>\n      <p>T\u00e1mogat\u00e1s az \u00e9lethelyzeti neh\u00e9zs\u00e9gek, d\u00f6nt\u00e9si helyzetek, \u00e9rzelmi elakad\u00e1sok \u00e1tgondol\u00e1s\u00e1ban.<\/p>\n      <a href=\"\/index.php\/egyeni-tanacsadas-kecskemet\/\">R\u00e9szletek \u2192<\/a>\n    <\/div>\n\n\n\n    <div class=\"custom-card\">\n      <h3>P\u00e1rkapcsolati \u00e9s csal\u00e1di konzult\u00e1ci\u00f3<\/h3>\n      <p>Kapcsolati elakad\u00e1sok, kommunik\u00e1ci\u00f3s neh\u00e9zs\u00e9gek \u00e9s kr\u00edzisek eset\u00e9n.<\/p>\n      <a href=\"\/index.php\/parkapcsolati-konzultacio-kecskemeten\/\">R\u00e9szletek \u2192<\/a>\n    <\/div>\n\n    <div class=\"custom-card\">\n      <h3>Autog\u00e9n tr\u00e9ning<\/h3>\n      <p>Stresszcs\u00f6kkent\u00e9s, testi-lelki ellazul\u00e1s \u00e9s a bels\u0151 egyens\u00faly t\u00e1mogat\u00e1sa.<\/p>\n      <a href=\"\/index.php\/autogen-trening-kecskemeten\/\">R\u00e9szletek \u2192<\/a>\n    <\/div>\n\n  <\/div>\n<\/section>\n\n\n<\/div>\n\n\n\n<div class=\"gb-element-73569cea\">\n<h2 class=\"gb-text gb-text-2d0e9833\">Hogyan zajlik a k\u00f6z\u00f6s munka?<\/h2>\n\n\n\n<p class=\"gb-text gb-text-8246d7d3\">A pszichol\u00f3giai tan\u00e1csad\u00e1s \u00e9s ter\u00e1pia struktur\u00e1lt, m\u00e9gis rugalmas folyamat.<\/p>\n\n\n\n<p class=\"gb-text gb-text-3060706a\">Az els\u0151 alkalmak sor\u00e1n k\u00f6z\u00f6sen tiszt\u00e1zzuk a neh\u00e9zs\u00e9geket, c\u00e9lokat \u00e9s a lehets\u00e9ges m\u00f3dszereket.<\/p>\n\n\n\n<p class=\"gb-text gb-text-3044a2d8\">A munka temp\u00f3ja \u00e9s ir\u00e1nya mindig az egy\u00e9ni sz\u00fcks\u00e9gletekhez igazodik, biztons\u00e1gos \u00e9s elfogad\u00f3 l\u00e9gk\u00f6rben.<br><\/p>\n<\/div>\n\n\n\n<div class=\"gb-element-06e133b9\" id=\"kapcsolat\">\n<h2 class=\"gb-text gb-text-3c8ca7c4\">Kapcsolat, id\u0151pontk\u00e9r\u00e9s<\/h2>\n\n\n\n<p class=\"gb-text gb-text-a15656df\"><em>Id\u0151pont egyeztet\u00e9s e-mailben t\u00f6rt\u00e9nik.<br><\/em><\/p>\n\n\n\n<div class=\"gb-element-60e120bc\">\n<div>\n<div class=\"gb-element-51f7e086\">\n<div class=\"gb-element-7eb79c32\">\n<span class=\"gb-shape gb-shape-476d76fd\"><svg viewBox=\"0 0 640 640\" xmlns=\"http:\/\/www.w3.org\/2000\/svg\"><path d=\"M125.4 128C91.5 128 64 155.5 64 189.4C64 190.3 64 191.1 64.1 192L64 192L64 448C64 483.3 92.7 512 128 512L512 512C547.3 512 576 483.3 576 448L576 192L575.9 192C575.9 191.1 576 190.3 576 189.4C576 155.5 548.5 128 514.6 128L125.4 128zM528 256.3L528 448C528 456.8 520.8 464 512 464L128 464C119.2 464 112 456.8 112 448L112 256.3L266.8 373.7C298.2 397.6 341.7 397.6 373.2 373.7L528 256.3zM112 189.4C112 182 118 176 125.4 176L514.6 176C522 176 528 182 528 189.4C528 193.6 526 197.6 522.7 200.1L344.2 335.5C329.9 346.3 310.1 346.3 295.8 335.5L117.3 200.1C114 197.6 112 193.6 112 189.4z\"><\/path><\/svg><\/span>\n\n\n\n<div>\n<p class=\"gb-text gb-text-25c04cfd\"><strong>E-mail<\/strong><\/p>\n\n\n\n<p class=\"gb-text gb-text-a9a3329b\">drszakalagnes@gmail.com<\/p>\n<\/div>\n<\/div>\n\n\n\n<div class=\"gb-element-98e5955d\">\n<span class=\"gb-shape gb-shape-039ce623\"><svg viewBox=\"0 0 640 640\" xmlns=\"http:\/\/www.w3.org\/2000\/svg\"><path d=\"M528 320C528 434.9 434.9 528 320 528C205.1 528 112 434.9 112 320C112 205.1 205.1 112 320 112C434.9 112 528 205.1 528 320zM64 320C64 461.4 178.6 576 320 576C461.4 576 576 461.4 576 320C576 178.6 461.4 64 320 64C178.6 64 64 178.6 64 320zM296 184L296 320C296 328 300 335.5 306.7 340L402.7 404C413.7 411.4 428.6 408.4 436 397.3C443.4 386.2 440.4 371.4 429.3 364L344 307.2L344 184C344 170.7 333.3 160 320 160C306.7 160 296 170.7 296 184z\"><\/path><\/svg><\/span>\n\n\n\n<div>\n<p class=\"gb-text gb-text-85156bb5\"><strong>Rendel\u00e9si id\u0151<\/strong><\/p>\n\n\n\n<p class=\"gb-text gb-text-cd73e980\">h\u00e9tk\u00f6znap 9:00\u201319:00<\/p>\n<\/div>\n<\/div>\n\n\n\n<div class=\"gb-element-3aad5ec2\">\n<span class=\"gb-shape gb-shape-c538ac8c\"><svg viewBox=\"0 0 640 640\" xmlns=\"http:\/\/www.w3.org\/2000\/svg\"><path d=\"M128 252.6C128 148.4 214 64 320 64C426 64 512 148.4 512 252.6C512 371.9 391.8 514.9 341.6 569.4C329.8 582.2 310.1 582.2 298.3 569.4C248.1 514.9 127.9 371.9 127.9 252.6zM320 320C355.3 320 384 291.3 384 256C384 220.7 355.3 192 320 192C284.7 192 256 220.7 256 256C256 291.3 284.7 320 320 320z\"><\/path><\/svg><\/span>\n\n\n\n<div>\n<p class=\"gb-text gb-text-843b96a9\"><strong>Helysz\u00edn<\/strong><\/p>\n\n\n\n<p class=\"gb-text gb-text-217cc216\">Kecskem\u00e9t,<br>Bajcsy-Zsilinszky krt. 2\/A fszt. 4.<\/p>\n<\/div>\n<\/div>\n<\/div>\n\n\n\n<div class=\"gb-element-91f75c3b\">\n<iframe src=\"https:\/\/www.google.com\/maps\/embed?pb=!1m18!1m12!1m3!1d1200!2d19.694085871653908!3d46.90474388868994!2m3!1f0!2f0!3f0!3m2!1i1024!2i768!4f13.1!3m3!1m2!1s0x4743da15ce064eff%3A0x5eeae072fbc06773!2sKecskem%C3%A9t%2C%20Bajcsy-Zsilinszky%20Endre%20krt.%202%2C%206000!5e0!3m2!1shu!2shu!4v1773245683289!5m2!1shu!2shu\"\nwidth=\"450\"\nheight=\"450\"\nstyle=\"border:0;\"\nloading=\"lazy\">\n<\/iframe>\n\n\n\n<p class=\"gb-text gb-text-8dcac7d6\">Parkolni az utca jobb oldal\u00e1n lehet.<\/p>\n<\/div>\n<\/div>\n\n\n\n<div class=\"gb-element-bd67d888\" id=\"kapcsolat_form\">\n<h3 class=\"gb-text gb-text-5eac823d\">Foglaljon id\u0151pontot!<\/h3>\n\n\n<style id=\"wpforms-css-vars-200-block-ddfb30e4-9a7c-4b6c-ac48-91f554d9220e\">\n\t\t\t\t#wpforms-200.wpforms-block-ddfb30e4-9a7c-4b6c-ac48-91f554d9220e {\n\t\t\t\t--wpforms-button-background-color: #1f2937;\n--wpforms-field-size-input-height: 43px;\n--wpforms-field-size-input-spacing: 15px;\n--wpforms-field-size-font-size: 16px;\n--wpforms-field-size-line-height: 19px;\n--wpforms-field-size-padding-h: 14px;\n--wpforms-field-size-checkbox-size: 16px;\n--wpforms-field-size-sublabel-spacing: 5px;\n--wpforms-field-size-icon-size: 1;\n--wpforms-label-size-font-size: 16px;\n--wpforms-label-size-line-height: 19px;\n--wpforms-label-size-sublabel-font-size: 14px;\n--wpforms-label-size-sublabel-line-height: 17px;\n--wpforms-button-size-font-size: 17px;\n--wpforms-button-size-height: 41px;\n--wpforms-button-size-padding-h: 15px;\n--wpforms-button-size-margin-top: 10px;\n\t\t\t}\n\t\t\t<\/style><div class=\"wpforms-container wpforms-container-full wpforms-block wpforms-block-ddfb30e4-9a7c-4b6c-ac48-91f554d9220e wpforms-render-modern\" id=\"wpforms-200\"><form id=\"wpforms-form-200\" class=\"wpforms-validate wpforms-form wpforms-ajax-form\" data-formid=\"200\" method=\"post\" enctype=\"multipart\/form-data\" action=\"\/index.php\/wp-json\/wp\/v2\/pages\/9\" data-token=\"99de13665bf92029ec33e8753f4e3578\" data-token-time=\"1777392903\"><noscript class=\"wpforms-error-noscript\">Please enable JavaScript in your browser to complete this form.<\/noscript><div id=\"wpforms-error-noscript\" style=\"display: none;\">Please enable JavaScript in your browser to complete this form.<\/div><div class=\"wpforms-field-container\"><div id=\"wpforms-200-field_1-container\" class=\"wpforms-field wpforms-field-name\" data-field-id=\"1\"><label class=\"wpforms-field-label\" for=\"wpforms-200-field_1\">Az \u00d6n neve <span class=\"wpforms-required-label\" aria-hidden=\"true\">*<\/span><\/label><input type=\"text\" id=\"wpforms-200-field_1\" class=\"wpforms-field-medium wpforms-field-required\" name=\"wpforms[fields][1]\" aria-errormessage=\"wpforms-200-field_1-error\" required><\/div><div id=\"wpforms-200-field_2-container\" class=\"wpforms-field wpforms-field-email\" data-field-id=\"2\"><label class=\"wpforms-field-label\" for=\"wpforms-200-field_2\">Az \u00d6n e-mail c\u00edme <span class=\"wpforms-required-label\" aria-hidden=\"true\">*<\/span><\/label><input type=\"email\" id=\"wpforms-200-field_2\" class=\"wpforms-field-medium wpforms-field-required\" name=\"wpforms[fields][2]\" spellcheck=\"false\" aria-errormessage=\"wpforms-200-field_2-error\" required><\/div>\t\t<div id=\"wpforms-200-field_4-container\"\n\t\t\tclass=\"wpforms-field wpforms-field-text\"\n\t\t\tdata-field-type=\"text\"\n\t\t\tdata-field-id=\"4\"\n\t\t\t>\n\t\t\t<label class=\"wpforms-field-label\" for=\"wpforms-200-field_4\" >neve c\u00edme \u00d6n<\/label>\n\t\t\t<input type=\"text\" id=\"wpforms-200-field_4\" class=\"wpforms-field-medium\" name=\"wpforms[fields][4]\" >\n\t\t<\/div>\n\t\t<div id=\"wpforms-200-field_3-container\" class=\"wpforms-field wpforms-field-textarea\" data-field-id=\"3\"><label class=\"wpforms-field-label\" for=\"wpforms-200-field_3\">Le\u00edr\u00e1s <span class=\"wpforms-required-label\" aria-hidden=\"true\">*<\/span><\/label><textarea id=\"wpforms-200-field_3\" class=\"wpforms-field-medium wpforms-field-required\" name=\"wpforms[fields][3]\" aria-errormessage=\"wpforms-200-field_3-error\" required><\/textarea><\/div><script>\n\t\t\t\t( function() {\n\t\t\t\t\tconst style = document.createElement( 'style' );\n\t\t\t\t\tstyle.appendChild( document.createTextNode( '#wpforms-200-field_4-container { position: absolute !important; overflow: hidden !important; display: inline !important; height: 1px !important; width: 1px !important; z-index: -1000 !important; padding: 0 !important; } #wpforms-200-field_4-container input { visibility: hidden; } #wpforms-conversational-form-page #wpforms-200-field_4-container label { counter-increment: none; }' ) );\n\t\t\t\t\tdocument.head.appendChild( style );\n\t\t\t\t\tdocument.currentScript?.remove();\n\t\t\t\t} )();\n\t\t\t<\/script><\/div><!-- .wpforms-field-container --><div class=\"wpforms-submit-container\" ><input type=\"hidden\" name=\"wpforms[id]\" value=\"200\"><input type=\"hidden\" name=\"page_title\" value=\"\"><input type=\"hidden\" name=\"page_url\" value=\"https:\/\/drszakalagnes.hu\/index.php\/wp-json\/wp\/v2\/pages\/9\"><input type=\"hidden\" name=\"url_referer\" value=\"\"><button type=\"submit\" name=\"wpforms[submit]\" id=\"wpforms-submit-200\" class=\"wpforms-submit\" data-alt-text=\"K\u00fcld\u00e9s...\" data-submit-text=\"K\u00fcld\u00e9s\" aria-live=\"assertive\" value=\"wpforms-submit\">K\u00fcld\u00e9s<\/button><img loading=\"lazy\" decoding=\"async\" src=\"https:\/\/drszakalagnes.hu\/wp-content\/plugins\/wpforms-lite\/assets\/images\/submit-spin.svg\" class=\"wpforms-submit-spinner\" style=\"display: none;\" width=\"26\" height=\"26\" alt=\"Loading\"><\/div><\/form><\/div>  <!-- .wpforms-container -->\n\n\n<p class=\"gb-text gb-text-881dbcd3\"><em>K\u00e9rem, az e-mailben ne osszon meg r\u00e9szletesen \u00e9rz\u00e9keny szem\u00e9lyes inform\u00e1ci\u00f3kat.<\/em><\/p>\n\n\n\n<div class=\"custom-anchor\">\n<p class=\"gb-text gb-text-4a8b2f5b\"><a href=\"\/index.php\/dijazas-es-tudnivalok\/\" data-type=\"page\" data-id=\"38\">Tov\u00e1bbi inform\u00e1ci\u00f3 d\u00edjaz\u00e1s \u00e9s tudnival\u00f3k \u2192<\/a><\/p>\n<\/div>\n<\/div>\n<\/div>\n<\/div>\n","protected":false},"excerpt":{"rendered":"<p>EMDR ter\u00e1pia \u00e9s pszichol\u00f3giai tan\u00e1csad\u00e1s feln\u0151tteknek Biztons\u00e1gos, szakmailag megalapozott t\u00e1mogat\u00e1s a lelki elakad\u00e1sok feldolgoz\u00e1s\u00e1hoz Id\u0151pontk\u00e9r\u00e9s R\u00f6viden r\u00f3lam Tan\u00e1csad\u00f3 szakpszichol\u00f3gus vagyok, csal\u00e1d- \u00e9s p\u00e1rkapcsolati szakir\u00e1ny\u00fa v\u00e9gzetts\u00e9ggel, EMDR terapeuta, valamint autog\u00e9n tr\u00e9ner k\u00e9pzetts\u00e9ggel. Feln\u0151tteket seg\u00edtek egy\u00e9ni \u00e9s kapcsolati neh\u00e9zs\u00e9gek feldolgoz\u00e1s\u00e1ban. Munk\u00e1m k\u00f6z\u00e9ppontj\u00e1ban a biztons\u00e1gos ter\u00e1pi\u00e1s kapcsolat, a szakmai megalapozotts\u00e1g \u00e9s az egy\u00e9ni ig\u00e9nyekhez igazod\u00f3 seg\u00edts\u00e9g \u00e1ll. EMDR &#8230; <a title=\"EMDR ter\u00e1pia \u00e9s pszichol\u00f3giai tan\u00e1csad\u00e1s feln\u0151tteknek\" class=\"read-more\" href=\"https:\/\/drszakalagnes.hu\/\" aria-label=\"Read more about EMDR ter\u00e1pia \u00e9s pszichol\u00f3giai tan\u00e1csad\u00e1s feln\u0151tteknek\">Olvass tov\u00e1bb<\/a><\/p>\n","protected":false},"author":1,"featured_media":0,"parent":0,"menu_order":0,"comment_status":"closed","ping_status":"closed","template":"","meta":{"footnotes":""},"class_list":["post-9","page","type-page","status-publish"],"yoast_head":"<!-- This site is optimized with the Yoast SEO plugin v27.0 - https:\/\/yoast.com\/product\/yoast-seo-wordpress\/ -->\n<title>EMDR ter\u00e1pia Kecskem\u00e9ten | dr. Szak\u00e1l \u00c1gnes<\/title>\n<meta name=\"description\" content=\"Tan\u00e1csad\u00f3 szakpszichol\u00f3gus \u00e9s EMDR terapeuta Kecskem\u00e9ten. EMDR ter\u00e1pia, p\u00e1rkapcsolati konzult\u00e1ci\u00f3 \u00e9s autog\u00e9n tr\u00e9ning feln\u0151tteknek.\" \/>\n<meta name=\"robots\" content=\"index, follow, max-snippet:-1, max-image-preview:large, max-video-preview:-1\" \/>\n<link rel=\"canonical\" href=\"https:\/\/drszakalagnes.hu\/\" \/>\n<meta property=\"og:locale\" content=\"hu_HU\" \/>\n<meta property=\"og:type\" content=\"article\" \/>\n<meta property=\"og:title\" content=\"EMDR ter\u00e1pia Kecskem\u00e9ten | dr. Szak\u00e1l \u00c1gnes\" \/>\n<meta property=\"og:description\" content=\"Tan\u00e1csad\u00f3 szakpszichol\u00f3gus \u00e9s EMDR terapeuta Kecskem\u00e9ten. EMDR ter\u00e1pia, p\u00e1rkapcsolati konzult\u00e1ci\u00f3 \u00e9s autog\u00e9n tr\u00e9ning feln\u0151tteknek.\" \/>\n<meta property=\"og:url\" content=\"https:\/\/drszakalagnes.hu\/\" \/>\n<meta property=\"og:site_name\" content=\"dr. Szak\u00e1l \u00c1gnes\" \/>\n<meta property=\"article:modified_time\" content=\"2026-03-15T15:55:43+00:00\" \/>\n<meta property=\"og:image\" content=\"https:\/\/drszakalagnes.hu\/wp-content\/uploads\/2026\/03\/emdr-terapeuta-kecskemet-7.jpg\" \/>\n<meta name=\"twitter:card\" content=\"summary_large_image\" \/>\n<meta name=\"twitter:label1\" content=\"Becs\u00fclt olvas\u00e1si id\u0151\" \/>\n\t<meta name=\"twitter:data1\" content=\"3 perc\" \/>\n<script type=\"application\/ld+json\" class=\"yoast-schema-graph\">{\"@context\":\"https:\/\/schema.org\",\"@graph\":[{\"@type\":\"WebPage\",\"@id\":\"https:\/\/drszakalagnes.hu\/\",\"url\":\"https:\/\/drszakalagnes.hu\/\",\"name\":\"EMDR ter\u00e1pia Kecskem\u00e9ten | dr. Szak\u00e1l \u00c1gnes\",\"isPartOf\":{\"@id\":\"https:\/\/drszakalagnes.hu\/#website\"},\"primaryImageOfPage\":{\"@id\":\"https:\/\/drszakalagnes.hu\/#primaryimage\"},\"image\":{\"@id\":\"https:\/\/drszakalagnes.hu\/#primaryimage\"},\"thumbnailUrl\":\"https:\/\/drszakalagnes.hu\/wp-content\/uploads\/2026\/03\/emdr-terapeuta-kecskemet-7.jpg\",\"datePublished\":\"2026-02-12T15:05:50+00:00\",\"dateModified\":\"2026-03-15T15:55:43+00:00\",\"description\":\"Tan\u00e1csad\u00f3 szakpszichol\u00f3gus \u00e9s EMDR terapeuta Kecskem\u00e9ten. EMDR ter\u00e1pia, p\u00e1rkapcsolati konzult\u00e1ci\u00f3 \u00e9s autog\u00e9n tr\u00e9ning feln\u0151tteknek.\",\"breadcrumb\":{\"@id\":\"https:\/\/drszakalagnes.hu\/#breadcrumb\"},\"inLanguage\":\"hu\",\"potentialAction\":[{\"@type\":\"ReadAction\",\"target\":[\"https:\/\/drszakalagnes.hu\/\"]}]},{\"@type\":\"ImageObject\",\"inLanguage\":\"hu\",\"@id\":\"https:\/\/drszakalagnes.hu\/#primaryimage\",\"url\":\"https:\/\/drszakalagnes.hu\/wp-content\/uploads\/2026\/03\/emdr-terapeuta-kecskemet-7.jpg\",\"contentUrl\":\"https:\/\/drszakalagnes.hu\/wp-content\/uploads\/2026\/03\/emdr-terapeuta-kecskemet-7.jpg\",\"width\":800,\"height\":1202},{\"@type\":\"BreadcrumbList\",\"@id\":\"https:\/\/drszakalagnes.hu\/#breadcrumb\",\"itemListElement\":[{\"@type\":\"ListItem\",\"position\":1,\"name\":\"Home\",\"item\":\"https:\/\/drszakalagnes.hu\/\"},{\"@type\":\"ListItem\",\"position\":2,\"name\":\"EMDR ter\u00e1pia \u00e9s pszichol\u00f3giai tan\u00e1csad\u00e1s feln\u0151tteknek\"}]},{\"@type\":\"WebSite\",\"@id\":\"https:\/\/drszakalagnes.hu\/#website\",\"url\":\"https:\/\/drszakalagnes.hu\/\",\"name\":\"dr. Szak\u00e1l \u00c1gnes\",\"description\":\"EMDR terapeuta - Kecskem\u00e9t\",\"potentialAction\":[{\"@type\":\"SearchAction\",\"target\":{\"@type\":\"EntryPoint\",\"urlTemplate\":\"https:\/\/drszakalagnes.hu\/?s={search_term_string}\"},\"query-input\":{\"@type\":\"PropertyValueSpecification\",\"valueRequired\":true,\"valueName\":\"search_term_string\"}}],\"inLanguage\":\"hu\"}]}<\/script>\n<!-- \/ Yoast SEO plugin. -->","yoast_head_json":{"title":"EMDR ter\u00e1pia Kecskem\u00e9ten | dr. Szak\u00e1l \u00c1gnes","description":"Tan\u00e1csad\u00f3 szakpszichol\u00f3gus \u00e9s EMDR terapeuta Kecskem\u00e9ten. EMDR ter\u00e1pia, p\u00e1rkapcsolati konzult\u00e1ci\u00f3 \u00e9s autog\u00e9n tr\u00e9ning feln\u0151tteknek.","robots":{"index":"index","follow":"follow","max-snippet":"max-snippet:-1","max-image-preview":"max-image-preview:large","max-video-preview":"max-video-preview:-1"},"canonical":"https:\/\/drszakalagnes.hu\/","og_locale":"hu_HU","og_type":"article","og_title":"EMDR ter\u00e1pia Kecskem\u00e9ten | dr. Szak\u00e1l \u00c1gnes","og_description":"Tan\u00e1csad\u00f3 szakpszichol\u00f3gus \u00e9s EMDR terapeuta Kecskem\u00e9ten. EMDR ter\u00e1pia, p\u00e1rkapcsolati konzult\u00e1ci\u00f3 \u00e9s autog\u00e9n tr\u00e9ning feln\u0151tteknek.","og_url":"https:\/\/drszakalagnes.hu\/","og_site_name":"dr. Szak\u00e1l \u00c1gnes","article_modified_time":"2026-03-15T15:55:43+00:00","og_image":[{"url":"https:\/\/drszakalagnes.hu\/wp-content\/uploads\/2026\/03\/emdr-terapeuta-kecskemet-7.jpg","type":"","width":"","height":""}],"twitter_card":"summary_large_image","twitter_misc":{"Becs\u00fclt olvas\u00e1si id\u0151":"3 perc"},"schema":{"@context":"https:\/\/schema.org","@graph":[{"@type":"WebPage","@id":"https:\/\/drszakalagnes.hu\/","url":"https:\/\/drszakalagnes.hu\/","name":"EMDR ter\u00e1pia Kecskem\u00e9ten | dr. Szak\u00e1l \u00c1gnes","isPartOf":{"@id":"https:\/\/drszakalagnes.hu\/#website"},"primaryImageOfPage":{"@id":"https:\/\/drszakalagnes.hu\/#primaryimage"},"image":{"@id":"https:\/\/drszakalagnes.hu\/#primaryimage"},"thumbnailUrl":"https:\/\/drszakalagnes.hu\/wp-content\/uploads\/2026\/03\/emdr-terapeuta-kecskemet-7.jpg","datePublished":"2026-02-12T15:05:50+00:00","dateModified":"2026-03-15T15:55:43+00:00","description":"Tan\u00e1csad\u00f3 szakpszichol\u00f3gus \u00e9s EMDR terapeuta Kecskem\u00e9ten. EMDR ter\u00e1pia, p\u00e1rkapcsolati konzult\u00e1ci\u00f3 \u00e9s autog\u00e9n tr\u00e9ning feln\u0151tteknek.","breadcrumb":{"@id":"https:\/\/drszakalagnes.hu\/#breadcrumb"},"inLanguage":"hu","potentialAction":[{"@type":"ReadAction","target":["https:\/\/drszakalagnes.hu\/"]}]},{"@type":"ImageObject","inLanguage":"hu","@id":"https:\/\/drszakalagnes.hu\/#primaryimage","url":"https:\/\/drszakalagnes.hu\/wp-content\/uploads\/2026\/03\/emdr-terapeuta-kecskemet-7.jpg","contentUrl":"https:\/\/drszakalagnes.hu\/wp-content\/uploads\/2026\/03\/emdr-terapeuta-kecskemet-7.jpg","width":800,"height":1202},{"@type":"BreadcrumbList","@id":"https:\/\/drszakalagnes.hu\/#breadcrumb","itemListElement":[{"@type":"ListItem","position":1,"name":"Home","item":"https:\/\/drszakalagnes.hu\/"},{"@type":"ListItem","position":2,"name":"EMDR ter\u00e1pia \u00e9s pszichol\u00f3giai tan\u00e1csad\u00e1s feln\u0151tteknek"}]},{"@type":"WebSite","@id":"https:\/\/drszakalagnes.hu\/#website","url":"https:\/\/drszakalagnes.hu\/","name":"dr. Szak\u00e1l \u00c1gnes","description":"EMDR terapeuta - Kecskem\u00e9t","potentialAction":[{"@type":"SearchAction","target":{"@type":"EntryPoint","urlTemplate":"https:\/\/drszakalagnes.hu\/?s={search_term_string}"},"query-input":{"@type":"PropertyValueSpecification","valueRequired":true,"valueName":"search_term_string"}}],"inLanguage":"hu"}]}},"_links":{"self":[{"href":"https:\/\/drszakalagnes.hu\/index.php\/wp-json\/wp\/v2\/pages\/9","targetHints":{"allow":["GET"]}}],"collection":[{"href":"https:\/\/drszakalagnes.hu\/index.php\/wp-json\/wp\/v2\/pages"}],"about":[{"href":"https:\/\/drszakalagnes.hu\/index.php\/wp-json\/wp\/v2\/types\/page"}],"author":[{"embeddable":true,"href":"https:\/\/drszakalagnes.hu\/index.php\/wp-json\/wp\/v2\/users\/1"}],"replies":[{"embeddable":true,"href":"https:\/\/drszakalagnes.hu\/index.php\/wp-json\/wp\/v2\/comments?post=9"}],"version-history":[{"count":173,"href":"https:\/\/drszakalagnes.hu\/index.php\/wp-json\/wp\/v2\/pages\/9\/revisions"}],"predecessor-version":[{"id":790,"href":"https:\/\/drszakalagnes.hu\/index.php\/wp-json\/wp\/v2\/pages\/9\/revisions\/790"}],"wp:attachment":[{"href":"https:\/\/drszakalagnes.hu\/index.php\/wp-json\/wp\/v2\/media?parent=9"}],"curies":[{"name":"wp","href":"https:\/\/api.w.org\/{rel}","templated":true}]}}