{"id":42,"date":"2026-02-13T15:56:41","date_gmt":"2026-02-13T14:56:41","guid":{"rendered":"http:\/\/localhost:8080\/?page_id=42"},"modified":"2026-03-11T16:49:43","modified_gmt":"2026-03-11T15:49:43","slug":"jogi-nyilatkozat-impresszum","status":"publish","type":"page","link":"https:\/\/drszakalagnes.hu\/index.php\/jogi-nyilatkozat-impresszum\/","title":{"rendered":"Jogi nyilatkozat \/Impresszum"},"content":{"rendered":"\n<div class=\"gb-element-20ca1a16\">\n<h2 class=\"gb-text gb-text-6e84198d\">Etikai nyilatkozat<\/h2>\n\n\n\n<p>A weboldalon tal\u00e1lhat\u00f3 inform\u00e1ci\u00f3k t\u00e1j\u00e9koztat\u00f3 jelleg\u0171ek, \u00e9s nem helyettes\u00edtik a szem\u00e9lyes pszichol\u00f3giai ell\u00e1t\u00e1st.<\/p>\n\n\n\n<p>Az EMDR ter\u00e1pia struktur\u00e1lt, biztons\u00e1gos m\u00f3dszer, amely megfelel\u0151 indik\u00e1ci\u00f3 eset\u00e9n alkalmazhat\u00f3. A m\u00f3dszer alkalmazhat\u00f3s\u00e1g\u00e1r\u00f3l minden esetben szem\u00e9lyes konzult\u00e1ci\u00f3 sor\u00e1n sz\u00fcletik d\u00f6nt\u00e9s.<\/p>\n\n\n\n<h2 class=\"gb-text gb-text-6e554b7f\">Impresszum<\/h2>\n\n\n\n<p><strong>N\u00e9v: dr. Szak\u00e1l \u00c1gnes<\/strong><\/p>\n\n\n\n<p><strong>Sz\u00e9khely: 6000 Kecskem\u00e9t, Bajcsy-Zsilinszky krt. 2\/A fszt.4.<\/strong><\/p>\n\n\n\n<p><strong>Ad\u00f3sz\u00e1m: 59072973-1-23<\/strong><\/p>\n\n\n\n<p><strong>Nyilv\u00e1ntart\u00e1si sz\u00e1m: 57208424<\/strong><\/p>\n\n\n\n<p><strong>N\u00e9v (Google C\u00e9gprofil)<\/strong><\/p>\n\n\n\n<p><strong>dr. Szak\u00e1l \u00c1gnes, tan\u00e1csad\u00f3 szakpszichol\u00f3gus, EMDR terapeuta \u2013 Kecskem\u00e9t<\/strong><\/p>\n\n\n\n<hr class=\"wp-block-separator has-alpha-channel-opacity\"\/>\n\n\n\n<p>Tan\u00e1csad\u00f3 szakpszichol\u00f3gusk\u00e9nt \u00e9s EMDR terapeutak\u00e9nt feln\u0151ttekkel dolgozom Kecskem\u00e9ten.<br>Szolg\u00e1ltat\u00e1saim: EMDR ter\u00e1pia, p\u00e1rkapcsolati \u00e9s csal\u00e1di konzult\u00e1ci\u00f3, autog\u00e9n tr\u00e9ning.<br>M\u00f3dszereim tudom\u00e1nyosan megalapozottak, \u00e9s minden esetben a kliens biztons\u00e1g\u00e1t, terhelhet\u0151s\u00e9g\u00e9t \u00e9s egy\u00e9ni ig\u00e9nyeit tartj\u00e1k szem el\u0151tt.<br>Seg\u00edtek a feldolgozatlan \u00e9lm\u00e9nyek \u00e9rzelmi terhel\u00e9s\u00e9nek cs\u00f6kkent\u00e9s\u00e9ben, a kapcsolati m\u0171k\u00f6d\u00e9s jav\u00edt\u00e1s\u00e1ban \u00e9s a stressz kezel\u00e9s\u00e9ben.<\/p>\n\n\n\n<hr class=\"wp-block-separator has-alpha-channel-opacity\"\/>\n\n\n\n<p><strong>Szolg\u00e1ltat\u00e1sok (Google C\u00e9gprofil lehet\u0151s\u00e9ge)<\/strong><\/p>\n\n\n\n<ul class=\"wp-block-list\">\n<li>EMDR ter\u00e1pia feln\u0151tteknek<\/li>\n\n\n\n<li>P\u00e1rkapcsolati \u00e9s csal\u00e1di konzult\u00e1ci\u00f3<\/li>\n\n\n\n<li>Autog\u00e9n tr\u00e9ning, relax\u00e1ci\u00f3<\/li>\n\n\n\n<li>Stresszkezel\u00e9s, lelki egyens\u00faly t\u00e1mogat\u00e1sa<\/li>\n<\/ul>\n<\/div>\n","protected":false},"excerpt":{"rendered":"<p>Etikai nyilatkozat A weboldalon tal\u00e1lhat\u00f3 inform\u00e1ci\u00f3k t\u00e1j\u00e9koztat\u00f3 jelleg\u0171ek, \u00e9s nem helyettes\u00edtik a szem\u00e9lyes pszichol\u00f3giai ell\u00e1t\u00e1st. Az EMDR ter\u00e1pia struktur\u00e1lt, biztons\u00e1gos m\u00f3dszer, amely megfelel\u0151 indik\u00e1ci\u00f3 eset\u00e9n alkalmazhat\u00f3. A m\u00f3dszer alkalmazhat\u00f3s\u00e1g\u00e1r\u00f3l minden esetben szem\u00e9lyes konzult\u00e1ci\u00f3 sor\u00e1n sz\u00fcletik d\u00f6nt\u00e9s. Impresszum N\u00e9v: dr. Szak\u00e1l \u00c1gnes Sz\u00e9khely: 6000 Kecskem\u00e9t, Bajcsy-Zsilinszky krt. 2\/A fszt.4. Ad\u00f3sz\u00e1m: 59072973-1-23 Nyilv\u00e1ntart\u00e1si sz\u00e1m: 57208424 N\u00e9v (Google &#8230; <a title=\"Jogi nyilatkozat \/Impresszum\" class=\"read-more\" href=\"https:\/\/drszakalagnes.hu\/index.php\/jogi-nyilatkozat-impresszum\/\" aria-label=\"Read more about Jogi nyilatkozat \/Impresszum\">Olvass tov\u00e1bb<\/a><\/p>\n","protected":false},"author":1,"featured_media":0,"parent":0,"menu_order":0,"comment_status":"closed","ping_status":"closed","template":"","meta":{"footnotes":""},"class_list":["post-42","page","type-page","status-publish"],"yoast_head":"<!-- This site is optimized with the Yoast SEO plugin v27.0 - https:\/\/yoast.com\/product\/yoast-seo-wordpress\/ -->\n<title>Jogi nyilatkozat \/Impresszum | dr. Szak\u00e1l \u00c1gnes<\/title>\n<meta name=\"robots\" content=\"noindex, follow\" \/>\n<meta property=\"og:locale\" content=\"hu_HU\" \/>\n<meta property=\"og:type\" content=\"article\" \/>\n<meta property=\"og:title\" content=\"Jogi nyilatkozat \/Impresszum | dr. Szak\u00e1l \u00c1gnes\" \/>\n<meta property=\"og:description\" content=\"Etikai nyilatkozat A weboldalon tal\u00e1lhat\u00f3 inform\u00e1ci\u00f3k t\u00e1j\u00e9koztat\u00f3 jelleg\u0171ek, \u00e9s nem helyettes\u00edtik a szem\u00e9lyes pszichol\u00f3giai ell\u00e1t\u00e1st. Az EMDR ter\u00e1pia struktur\u00e1lt, biztons\u00e1gos m\u00f3dszer, amely megfelel\u0151 indik\u00e1ci\u00f3 eset\u00e9n alkalmazhat\u00f3. A m\u00f3dszer alkalmazhat\u00f3s\u00e1g\u00e1r\u00f3l minden esetben szem\u00e9lyes konzult\u00e1ci\u00f3 sor\u00e1n sz\u00fcletik d\u00f6nt\u00e9s. Impresszum N\u00e9v: dr. Szak\u00e1l \u00c1gnes Sz\u00e9khely: 6000 Kecskem\u00e9t, Bajcsy-Zsilinszky krt. 2\/A fszt.4. Ad\u00f3sz\u00e1m: 59072973-1-23 Nyilv\u00e1ntart\u00e1si sz\u00e1m: 57208424 N\u00e9v (Google ... Olvass tov\u00e1bb\" \/>\n<meta property=\"og:url\" content=\"https:\/\/drszakalagnes.hu\/index.php\/jogi-nyilatkozat-impresszum\/\" \/>\n<meta property=\"og:site_name\" content=\"dr. Szak\u00e1l \u00c1gnes\" \/>\n<meta property=\"article:modified_time\" content=\"2026-03-11T15:49:43+00:00\" \/>\n<meta name=\"twitter:card\" content=\"summary_large_image\" \/>\n<meta name=\"twitter:label1\" content=\"Becs\u00fclt olvas\u00e1si id\u0151\" \/>\n\t<meta name=\"twitter:data1\" content=\"1 perc\" \/>\n<script type=\"application\/ld+json\" class=\"yoast-schema-graph\">{\"@context\":\"https:\/\/schema.org\",\"@graph\":[{\"@type\":\"WebPage\",\"@id\":\"https:\/\/drszakalagnes.hu\/index.php\/jogi-nyilatkozat-impresszum\/\",\"url\":\"https:\/\/drszakalagnes.hu\/index.php\/jogi-nyilatkozat-impresszum\/\",\"name\":\"Jogi nyilatkozat \/Impresszum | dr. Szak\u00e1l \u00c1gnes\",\"isPartOf\":{\"@id\":\"https:\/\/drszakalagnes.hu\/#website\"},\"datePublished\":\"2026-02-13T14:56:41+00:00\",\"dateModified\":\"2026-03-11T15:49:43+00:00\",\"breadcrumb\":{\"@id\":\"https:\/\/drszakalagnes.hu\/index.php\/jogi-nyilatkozat-impresszum\/#breadcrumb\"},\"inLanguage\":\"hu\",\"potentialAction\":[{\"@type\":\"ReadAction\",\"target\":[\"https:\/\/drszakalagnes.hu\/index.php\/jogi-nyilatkozat-impresszum\/\"]}]},{\"@type\":\"BreadcrumbList\",\"@id\":\"https:\/\/drszakalagnes.hu\/index.php\/jogi-nyilatkozat-impresszum\/#breadcrumb\",\"itemListElement\":[{\"@type\":\"ListItem\",\"position\":1,\"name\":\"Home\",\"item\":\"https:\/\/drszakalagnes.hu\/\"},{\"@type\":\"ListItem\",\"position\":2,\"name\":\"Jogi nyilatkozat \/Impresszum\"}]},{\"@type\":\"WebSite\",\"@id\":\"https:\/\/drszakalagnes.hu\/#website\",\"url\":\"https:\/\/drszakalagnes.hu\/\",\"name\":\"dr. Szak\u00e1l \u00c1gnes\",\"description\":\"EMDR terapeuta - Kecskem\u00e9t\",\"potentialAction\":[{\"@type\":\"SearchAction\",\"target\":{\"@type\":\"EntryPoint\",\"urlTemplate\":\"https:\/\/drszakalagnes.hu\/?s={search_term_string}\"},\"query-input\":{\"@type\":\"PropertyValueSpecification\",\"valueRequired\":true,\"valueName\":\"search_term_string\"}}],\"inLanguage\":\"hu\"}]}<\/script>\n<!-- \/ Yoast SEO plugin. -->","yoast_head_json":{"title":"Jogi nyilatkozat \/Impresszum | dr. Szak\u00e1l \u00c1gnes","robots":{"index":"noindex","follow":"follow"},"og_locale":"hu_HU","og_type":"article","og_title":"Jogi nyilatkozat \/Impresszum | dr. Szak\u00e1l \u00c1gnes","og_description":"Etikai nyilatkozat A weboldalon tal\u00e1lhat\u00f3 inform\u00e1ci\u00f3k t\u00e1j\u00e9koztat\u00f3 jelleg\u0171ek, \u00e9s nem helyettes\u00edtik a szem\u00e9lyes pszichol\u00f3giai ell\u00e1t\u00e1st. Az EMDR ter\u00e1pia struktur\u00e1lt, biztons\u00e1gos m\u00f3dszer, amely megfelel\u0151 indik\u00e1ci\u00f3 eset\u00e9n alkalmazhat\u00f3. A m\u00f3dszer alkalmazhat\u00f3s\u00e1g\u00e1r\u00f3l minden esetben szem\u00e9lyes konzult\u00e1ci\u00f3 sor\u00e1n sz\u00fcletik d\u00f6nt\u00e9s. Impresszum N\u00e9v: dr. Szak\u00e1l \u00c1gnes Sz\u00e9khely: 6000 Kecskem\u00e9t, Bajcsy-Zsilinszky krt. 2\/A fszt.4. Ad\u00f3sz\u00e1m: 59072973-1-23 Nyilv\u00e1ntart\u00e1si sz\u00e1m: 57208424 N\u00e9v (Google ... Olvass tov\u00e1bb","og_url":"https:\/\/drszakalagnes.hu\/index.php\/jogi-nyilatkozat-impresszum\/","og_site_name":"dr. Szak\u00e1l \u00c1gnes","article_modified_time":"2026-03-11T15:49:43+00:00","twitter_card":"summary_large_image","twitter_misc":{"Becs\u00fclt olvas\u00e1si id\u0151":"1 perc"},"schema":{"@context":"https:\/\/schema.org","@graph":[{"@type":"WebPage","@id":"https:\/\/drszakalagnes.hu\/index.php\/jogi-nyilatkozat-impresszum\/","url":"https:\/\/drszakalagnes.hu\/index.php\/jogi-nyilatkozat-impresszum\/","name":"Jogi nyilatkozat \/Impresszum | dr. Szak\u00e1l \u00c1gnes","isPartOf":{"@id":"https:\/\/drszakalagnes.hu\/#website"},"datePublished":"2026-02-13T14:56:41+00:00","dateModified":"2026-03-11T15:49:43+00:00","breadcrumb":{"@id":"https:\/\/drszakalagnes.hu\/index.php\/jogi-nyilatkozat-impresszum\/#breadcrumb"},"inLanguage":"hu","potentialAction":[{"@type":"ReadAction","target":["https:\/\/drszakalagnes.hu\/index.php\/jogi-nyilatkozat-impresszum\/"]}]},{"@type":"BreadcrumbList","@id":"https:\/\/drszakalagnes.hu\/index.php\/jogi-nyilatkozat-impresszum\/#breadcrumb","itemListElement":[{"@type":"ListItem","position":1,"name":"Home","item":"https:\/\/drszakalagnes.hu\/"},{"@type":"ListItem","position":2,"name":"Jogi nyilatkozat \/Impresszum"}]},{"@type":"WebSite","@id":"https:\/\/drszakalagnes.hu\/#website","url":"https:\/\/drszakalagnes.hu\/","name":"dr. Szak\u00e1l \u00c1gnes","description":"EMDR terapeuta - Kecskem\u00e9t","potentialAction":[{"@type":"SearchAction","target":{"@type":"EntryPoint","urlTemplate":"https:\/\/drszakalagnes.hu\/?s={search_term_string}"},"query-input":{"@type":"PropertyValueSpecification","valueRequired":true,"valueName":"search_term_string"}}],"inLanguage":"hu"}]}},"_links":{"self":[{"href":"https:\/\/drszakalagnes.hu\/index.php\/wp-json\/wp\/v2\/pages\/42","targetHints":{"allow":["GET"]}}],"collection":[{"href":"https:\/\/drszakalagnes.hu\/index.php\/wp-json\/wp\/v2\/pages"}],"about":[{"href":"https:\/\/drszakalagnes.hu\/index.php\/wp-json\/wp\/v2\/types\/page"}],"author":[{"embeddable":true,"href":"https:\/\/drszakalagnes.hu\/index.php\/wp-json\/wp\/v2\/users\/1"}],"replies":[{"embeddable":true,"href":"https:\/\/drszakalagnes.hu\/index.php\/wp-json\/wp\/v2\/comments?post=42"}],"version-history":[{"count":6,"href":"https:\/\/drszakalagnes.hu\/index.php\/wp-json\/wp\/v2\/pages\/42\/revisions"}],"predecessor-version":[{"id":691,"href":"https:\/\/drszakalagnes.hu\/index.php\/wp-json\/wp\/v2\/pages\/42\/revisions\/691"}],"wp:attachment":[{"href":"https:\/\/drszakalagnes.hu\/index.php\/wp-json\/wp\/v2\/media?parent=42"}],"curies":[{"name":"wp","href":"https:\/\/api.w.org\/{rel}","templated":true}]}}

<div class="gb-element-20ca1a16">
<h2 class="gb-text gb-text-6e84198d">Etikai nyilatkozat</h2>



<p>A weboldalon található információk tájékoztató jellegűek, és nem helyettesítik a személyes pszichológiai ellátást.</p>



<p>Az EMDR terápia strukturált, biztonságos módszer, amely megfelelő indikáció esetén alkalmazható. A módszer alkalmazhatóságáról minden esetben személyes konzultáció során születik döntés.</p>



<h2 class="gb-text gb-text-6e554b7f">Impresszum</h2>



<p><strong>Név: dr. Szakál Ágnes</strong></p>



<p><strong>Székhely: 6000 Kecskemét, Bajcsy-Zsilinszky krt. 2/A fszt.4.</strong></p>



<p><strong>Adószám: 59072973-1-23</strong></p>



<p><strong>Nyilvántartási szám: 57208424</strong></p>



<p><strong>Név (Google Cégprofil)</strong></p>



<p><strong>dr. Szakál Ágnes, tanácsadó szakpszichológus, EMDR terapeuta – Kecskemét</strong></p>



<hr class="wp-block-separator has-alpha-channel-opacity"/>



<p>Tanácsadó szakpszichológusként és EMDR terapeutaként felnőttekkel dolgozom Kecskeméten.<br>Szolgáltatásaim: EMDR terápia, párkapcsolati és családi konzultáció, autogén tréning.<br>Módszereim tudományosan megalapozottak, és minden esetben a kliens biztonságát, terhelhetőségét és egyéni igényeit tartják szem előtt.<br>Segítek a feldolgozatlan élmények érzelmi terhelésének csökkentésében, a kapcsolati működés javításában és a stressz kezelésében.</p>



<hr class="wp-block-separator has-alpha-channel-opacity"/>



<p><strong>Szolgáltatások (Google Cégprofil lehetősége)</strong></p>



<ul class="wp-block-list">
<li>EMDR terápia felnőtteknek</li>



<li>Párkapcsolati és családi konzultáció</li>



<li>Autogén tréning, relaxáció</li>



<li>Stresszkezelés, lelki egyensúly támogatása</li>
</ul>
</div>

<p>Etikai nyilatkozat A weboldalon található információk tájékoztató jellegűek, és nem helyettesítik a személyes pszichológiai ellátást. Az EMDR terápia strukturált, biztonságos módszer, amely megfelelő indikáció esetén alkalmazható. A módszer alkalmazhatóságáról minden esetben személyes konzultáció során születik döntés. Impresszum Név: dr. Szakál Ágnes Székhely: 6000 Kecskemét, Bajcsy-Zsilinszky krt. 2/A fszt.4. Adószám: 59072973-1-23 Nyilvántartási szám: 57208424 Név (Google &#8230; <a title="Jogi nyilatkozat /Impresszum" class="read-more" href="https://drszakalagnes.hu/index.php/jogi-nyilatkozat-impresszum/" aria-label="Read more about Jogi nyilatkozat /Impresszum">Olvass tovább</a></p>

<!-- This site is optimized with the Yoast SEO plugin v27.0 - https://yoast.com/product/yoast-seo-wordpress/ -->
<title>Jogi nyilatkozat /Impresszum | dr. Szakál Ágnes</title>
<meta name="robots" content="noindex, follow" />
<meta property="og:locale" content="hu_HU" />
<meta property="og:type" content="article" />
<meta property="og:title" content="Jogi nyilatkozat /Impresszum | dr. Szakál Ágnes" />
<meta property="og:description" content="Etikai nyilatkozat A weboldalon található információk tájékoztató jellegűek, és nem helyettesítik a személyes pszichológiai ellátást. Az EMDR terápia strukturált, biztonságos módszer, amely megfelelő indikáció esetén alkalmazható. A módszer alkalmazhatóságáról minden esetben személyes konzultáció során születik döntés. Impresszum Név: dr. Szakál Ágnes Székhely: 6000 Kecskemét, Bajcsy-Zsilinszky krt. 2/A fszt.4. Adószám: 59072973-1-23 Nyilvántartási szám: 57208424 Név (Google ... Olvass tovább" />
<meta property="og:url" content="https://drszakalagnes.hu/index.php/jogi-nyilatkozat-impresszum/" />
<meta property="og:site_name" content="dr. Szakál Ágnes" />
<meta property="article:modified_time" content="2026-03-11T15:49:43+00:00" />
<meta name="twitter:card" content="summary_large_image" />
<meta name="twitter:label1" content="Becsült olvasási idő" />
	<meta name="twitter:data1" content="1 perc" />
<script type="application/ld+json" class="yoast-schema-graph">{"@context":"https://schema.org","@graph":[{"@type":"WebPage","@id":"https://drszakalagnes.hu/index.php/jogi-nyilatkozat-impresszum/","url":"https://drszakalagnes.hu/index.php/jogi-nyilatkozat-impresszum/","name":"Jogi nyilatkozat /Impresszum | dr. Szakál Ágnes","isPartOf":{"@id":"https://drszakalagnes.hu/#website"},"datePublished":"2026-02-13T14:56:41+00:00","dateModified":"2026-03-11T15:49:43+00:00","breadcrumb":{"@id":"https://drszakalagnes.hu/index.php/jogi-nyilatkozat-impresszum/#breadcrumb"},"inLanguage":"hu","potentialAction":[{"@type":"ReadAction","target":["https://drszakalagnes.hu/index.php/jogi-nyilatkozat-impresszum/"]}]},{"@type":"BreadcrumbList","@id":"https://drszakalagnes.hu/index.php/jogi-nyilatkozat-impresszum/#breadcrumb","itemListElement":[{"@type":"ListItem","position":1,"name":"Home","item":"https://drszakalagnes.hu/"},{"@type":"ListItem","position":2,"name":"Jogi nyilatkozat /Impresszum"}]},{"@type":"WebSite","@id":"https://drszakalagnes.hu/#website","url":"https://drszakalagnes.hu/","name":"dr. Szakál Ágnes","description":"EMDR terapeuta - Kecskemét","potentialAction":[{"@type":"SearchAction","target":{"@type":"EntryPoint","urlTemplate":"https://drszakalagnes.hu/?s={search_term_string}"},"query-input":{"@type":"PropertyValueSpecification","valueRequired":true,"valueName":"search_term_string"}}],"inLanguage":"hu"}]}</script>
<!-- / Yoast SEO plugin. -->

Jogi nyilatkozat /Impresszum | dr. Szakál Ágnes

Etikai nyilatkozat A weboldalon található információk tájékoztató jellegűek, és nem helyettesítik a személyes pszichológiai ellátást. Az EMDR terápia strukturált, biztonságos módszer, amely megfelelő indikáció esetén alkalmazható. A módszer alkalmazhatóságáról minden esetben személyes konzultáció során születik döntés. Impresszum Név: dr. Szakál Ágnes Székhely: 6000 Kecskemét, Bajcsy-Zsilinszky krt. 2/A fszt.4. Adószám: 59072973-1-23 Nyilvántartási szám: 57208424 Név (Google ... Olvass tovább

dr. Szakál Ágnes

EMDR terapeuta - Kecskemét
