{"id":40,"date":"2026-02-13T15:56:28","date_gmt":"2026-02-13T14:56:28","guid":{"rendered":"http:\/\/localhost:8080\/?page_id=40"},"modified":"2026-03-11T16:36:36","modified_gmt":"2026-03-11T15:36:36","slug":"adatkezelesi-tajekoztato","status":"publish","type":"page","link":"https:\/\/drszakalagnes.hu\/index.php\/adatkezelesi-tajekoztato\/","title":{"rendered":"Adatkezel\u00e9si t\u00e1j\u00e9koztat\u00f3"},"content":{"rendered":"\n<div class=\"gb-element-0f5f3de7\">\n<h1 class=\"gb-text gb-text-8067e849\">Adatkezel\u00e9si t\u00e1j\u00e9koztat\u00f3<\/h1>\n\n\n\n<p>Az adatkezel\u0151 neve: <strong>dr. Szak\u00e1l \u00c1gnes<\/strong> tan\u00e1csad\u00f3 szakpszichol\u00f3gus<br>El\u00e9rhet\u0151s\u00e9g: <strong>drszakalagnes@gmail.com<\/strong><br>Rendel\u0151 c\u00edme: <strong>6000 Kecskem\u00e9t, Bajcsy-Zsilinszky krt. 2\/A fszt.4.<\/strong><\/p>\n\n\n\n<p>Az adatkezel\u00e9s c\u00e9lja:<br>\u2013 kapcsolatfelv\u00e9tel<br>\u2013 id\u0151pontegyeztet\u00e9s e-mailen kereszt\u00fcl<\/p>\n\n\n\n<p>A kezelt adatok k\u00f6re:<br>\u2013 n\u00e9v<br>\u2013 e-mail c\u00edm<br>\u2013 az \u00fczenet tartalma<\/p>\n\n\n\n<p>Az adatkezel\u00e9s jogalapja:<br>Az \u00e9rintett \u00f6nk\u00e9ntes hozz\u00e1j\u00e1rul\u00e1sa.<\/p>\n\n\n\n<p>Az adatokat kiz\u00e1r\u00f3lag az id\u0151pontegyeztet\u00e9s lebonyol\u00edt\u00e1s\u00e1hoz haszn\u00e1lom fel, \u00e9s azokat harmadik f\u00e9lnek nem adom \u00e1t.<\/p>\n\n\n\n<p>Az e-mailek tartalma fokozottan bizalmas adatokat is \u00e9rinthet, ez\u00e9rt k\u00e9rem, hogy az \u00fczenetben ne osszon meg r\u00e9szletesen \u00e9rz\u00e9keny szem\u00e9lyes inform\u00e1ci\u00f3kat.<\/p>\n\n\n\n<p>Az adatokat az id\u0151pontegyeztet\u00e9s lez\u00e1r\u00e1s\u00e1t k\u00f6vet\u0151en, indokolt ideig \u0151rz\u00f6m meg, majd t\u00f6rl\u00f6m.<\/p>\n\n\n\n<p>Az \u00e9rintettet megillet\u0151 jogok:<br>\u2013 t\u00e1j\u00e9koztat\u00e1s k\u00e9r\u00e9se<br>\u2013 adatok helyesb\u00edt\u00e9se<br>\u2013 adatok t\u00f6rl\u00e9s\u00e9nek k\u00e9r\u00e9se<br>\u2013 adatkezel\u00e9s korl\u00e1toz\u00e1sa<\/p>\n\n\n\n<p>Jogorvoslati lehet\u0151s\u00e9g:<br>Nemzeti Adatv\u00e9delmi \u00e9s Inform\u00e1ci\u00f3szabads\u00e1g Hat\u00f3s\u00e1g (NAIH)<\/p>\n<\/div>\n","protected":false},"excerpt":{"rendered":"<p>Adatkezel\u00e9si t\u00e1j\u00e9koztat\u00f3 Az adatkezel\u0151 neve: dr. Szak\u00e1l \u00c1gnes tan\u00e1csad\u00f3 szakpszichol\u00f3gusEl\u00e9rhet\u0151s\u00e9g: drszakalagnes@gmail.comRendel\u0151 c\u00edme: 6000 Kecskem\u00e9t, Bajcsy-Zsilinszky krt. 2\/A fszt.4. Az adatkezel\u00e9s c\u00e9lja:\u2013 kapcsolatfelv\u00e9tel\u2013 id\u0151pontegyeztet\u00e9s e-mailen kereszt\u00fcl A kezelt adatok k\u00f6re:\u2013 n\u00e9v\u2013 e-mail c\u00edm\u2013 az \u00fczenet tartalma Az adatkezel\u00e9s jogalapja:Az \u00e9rintett \u00f6nk\u00e9ntes hozz\u00e1j\u00e1rul\u00e1sa. Az adatokat kiz\u00e1r\u00f3lag az id\u0151pontegyeztet\u00e9s lebonyol\u00edt\u00e1s\u00e1hoz haszn\u00e1lom fel, \u00e9s azokat harmadik f\u00e9lnek nem adom &#8230; <a title=\"Adatkezel\u00e9si t\u00e1j\u00e9koztat\u00f3\" class=\"read-more\" href=\"https:\/\/drszakalagnes.hu\/index.php\/adatkezelesi-tajekoztato\/\" aria-label=\"Read more about Adatkezel\u00e9si t\u00e1j\u00e9koztat\u00f3\">Olvass tov\u00e1bb<\/a><\/p>\n","protected":false},"author":1,"featured_media":0,"parent":0,"menu_order":0,"comment_status":"closed","ping_status":"closed","template":"","meta":{"footnotes":""},"class_list":["post-40","page","type-page","status-publish"],"yoast_head":"<!-- This site is optimized with the Yoast SEO plugin v27.0 - https:\/\/yoast.com\/product\/yoast-seo-wordpress\/ -->\n<title>Adatkezel\u00e9si t\u00e1j\u00e9koztat\u00f3 | dr. Szak\u00e1l \u00c1gnes<\/title>\n<meta name=\"robots\" content=\"noindex, follow\" \/>\n<meta property=\"og:locale\" content=\"hu_HU\" \/>\n<meta property=\"og:type\" content=\"article\" \/>\n<meta property=\"og:title\" content=\"Adatkezel\u00e9si t\u00e1j\u00e9koztat\u00f3 | dr. Szak\u00e1l \u00c1gnes\" \/>\n<meta property=\"og:description\" content=\"Adatkezel\u00e9si t\u00e1j\u00e9koztat\u00f3 Az adatkezel\u0151 neve: dr. Szak\u00e1l \u00c1gnes tan\u00e1csad\u00f3 szakpszichol\u00f3gusEl\u00e9rhet\u0151s\u00e9g: drszakalagnes@gmail.comRendel\u0151 c\u00edme: 6000 Kecskem\u00e9t, Bajcsy-Zsilinszky krt. 2\/A fszt.4. Az adatkezel\u00e9s c\u00e9lja:\u2013 kapcsolatfelv\u00e9tel\u2013 id\u0151pontegyeztet\u00e9s e-mailen kereszt\u00fcl A kezelt adatok k\u00f6re:\u2013 n\u00e9v\u2013 e-mail c\u00edm\u2013 az \u00fczenet tartalma Az adatkezel\u00e9s jogalapja:Az \u00e9rintett \u00f6nk\u00e9ntes hozz\u00e1j\u00e1rul\u00e1sa. Az adatokat kiz\u00e1r\u00f3lag az id\u0151pontegyeztet\u00e9s lebonyol\u00edt\u00e1s\u00e1hoz haszn\u00e1lom fel, \u00e9s azokat harmadik f\u00e9lnek nem adom ... Olvass tov\u00e1bb\" \/>\n<meta property=\"og:url\" content=\"https:\/\/drszakalagnes.hu\/index.php\/adatkezelesi-tajekoztato\/\" \/>\n<meta property=\"og:site_name\" content=\"dr. Szak\u00e1l \u00c1gnes\" \/>\n<meta property=\"article:modified_time\" content=\"2026-03-11T15:36:36+00:00\" \/>\n<meta name=\"twitter:card\" content=\"summary_large_image\" \/>\n<meta name=\"twitter:label1\" content=\"Becs\u00fclt olvas\u00e1si id\u0151\" \/>\n\t<meta name=\"twitter:data1\" content=\"1 perc\" \/>\n<script type=\"application\/ld+json\" class=\"yoast-schema-graph\">{\"@context\":\"https:\/\/schema.org\",\"@graph\":[{\"@type\":\"WebPage\",\"@id\":\"https:\/\/drszakalagnes.hu\/index.php\/adatkezelesi-tajekoztato\/\",\"url\":\"https:\/\/drszakalagnes.hu\/index.php\/adatkezelesi-tajekoztato\/\",\"name\":\"Adatkezel\u00e9si t\u00e1j\u00e9koztat\u00f3 | dr. Szak\u00e1l \u00c1gnes\",\"isPartOf\":{\"@id\":\"https:\/\/drszakalagnes.hu\/#website\"},\"datePublished\":\"2026-02-13T14:56:28+00:00\",\"dateModified\":\"2026-03-11T15:36:36+00:00\",\"breadcrumb\":{\"@id\":\"https:\/\/drszakalagnes.hu\/index.php\/adatkezelesi-tajekoztato\/#breadcrumb\"},\"inLanguage\":\"hu\",\"potentialAction\":[{\"@type\":\"ReadAction\",\"target\":[\"https:\/\/drszakalagnes.hu\/index.php\/adatkezelesi-tajekoztato\/\"]}]},{\"@type\":\"BreadcrumbList\",\"@id\":\"https:\/\/drszakalagnes.hu\/index.php\/adatkezelesi-tajekoztato\/#breadcrumb\",\"itemListElement\":[{\"@type\":\"ListItem\",\"position\":1,\"name\":\"Home\",\"item\":\"https:\/\/drszakalagnes.hu\/\"},{\"@type\":\"ListItem\",\"position\":2,\"name\":\"Adatkezel\u00e9si t\u00e1j\u00e9koztat\u00f3\"}]},{\"@type\":\"WebSite\",\"@id\":\"https:\/\/drszakalagnes.hu\/#website\",\"url\":\"https:\/\/drszakalagnes.hu\/\",\"name\":\"dr. Szak\u00e1l \u00c1gnes\",\"description\":\"EMDR terapeuta - Kecskem\u00e9t\",\"potentialAction\":[{\"@type\":\"SearchAction\",\"target\":{\"@type\":\"EntryPoint\",\"urlTemplate\":\"https:\/\/drszakalagnes.hu\/?s={search_term_string}\"},\"query-input\":{\"@type\":\"PropertyValueSpecification\",\"valueRequired\":true,\"valueName\":\"search_term_string\"}}],\"inLanguage\":\"hu\"}]}<\/script>\n<!-- \/ Yoast SEO plugin. -->","yoast_head_json":{"title":"Adatkezel\u00e9si t\u00e1j\u00e9koztat\u00f3 | dr. Szak\u00e1l \u00c1gnes","robots":{"index":"noindex","follow":"follow"},"og_locale":"hu_HU","og_type":"article","og_title":"Adatkezel\u00e9si t\u00e1j\u00e9koztat\u00f3 | dr. Szak\u00e1l \u00c1gnes","og_description":"Adatkezel\u00e9si t\u00e1j\u00e9koztat\u00f3 Az adatkezel\u0151 neve: dr. Szak\u00e1l \u00c1gnes tan\u00e1csad\u00f3 szakpszichol\u00f3gusEl\u00e9rhet\u0151s\u00e9g: drszakalagnes@gmail.comRendel\u0151 c\u00edme: 6000 Kecskem\u00e9t, Bajcsy-Zsilinszky krt. 2\/A fszt.4. Az adatkezel\u00e9s c\u00e9lja:\u2013 kapcsolatfelv\u00e9tel\u2013 id\u0151pontegyeztet\u00e9s e-mailen kereszt\u00fcl A kezelt adatok k\u00f6re:\u2013 n\u00e9v\u2013 e-mail c\u00edm\u2013 az \u00fczenet tartalma Az adatkezel\u00e9s jogalapja:Az \u00e9rintett \u00f6nk\u00e9ntes hozz\u00e1j\u00e1rul\u00e1sa. Az adatokat kiz\u00e1r\u00f3lag az id\u0151pontegyeztet\u00e9s lebonyol\u00edt\u00e1s\u00e1hoz haszn\u00e1lom fel, \u00e9s azokat harmadik f\u00e9lnek nem adom ... Olvass tov\u00e1bb","og_url":"https:\/\/drszakalagnes.hu\/index.php\/adatkezelesi-tajekoztato\/","og_site_name":"dr. Szak\u00e1l \u00c1gnes","article_modified_time":"2026-03-11T15:36:36+00:00","twitter_card":"summary_large_image","twitter_misc":{"Becs\u00fclt olvas\u00e1si id\u0151":"1 perc"},"schema":{"@context":"https:\/\/schema.org","@graph":[{"@type":"WebPage","@id":"https:\/\/drszakalagnes.hu\/index.php\/adatkezelesi-tajekoztato\/","url":"https:\/\/drszakalagnes.hu\/index.php\/adatkezelesi-tajekoztato\/","name":"Adatkezel\u00e9si t\u00e1j\u00e9koztat\u00f3 | dr. Szak\u00e1l \u00c1gnes","isPartOf":{"@id":"https:\/\/drszakalagnes.hu\/#website"},"datePublished":"2026-02-13T14:56:28+00:00","dateModified":"2026-03-11T15:36:36+00:00","breadcrumb":{"@id":"https:\/\/drszakalagnes.hu\/index.php\/adatkezelesi-tajekoztato\/#breadcrumb"},"inLanguage":"hu","potentialAction":[{"@type":"ReadAction","target":["https:\/\/drszakalagnes.hu\/index.php\/adatkezelesi-tajekoztato\/"]}]},{"@type":"BreadcrumbList","@id":"https:\/\/drszakalagnes.hu\/index.php\/adatkezelesi-tajekoztato\/#breadcrumb","itemListElement":[{"@type":"ListItem","position":1,"name":"Home","item":"https:\/\/drszakalagnes.hu\/"},{"@type":"ListItem","position":2,"name":"Adatkezel\u00e9si t\u00e1j\u00e9koztat\u00f3"}]},{"@type":"WebSite","@id":"https:\/\/drszakalagnes.hu\/#website","url":"https:\/\/drszakalagnes.hu\/","name":"dr. Szak\u00e1l \u00c1gnes","description":"EMDR terapeuta - Kecskem\u00e9t","potentialAction":[{"@type":"SearchAction","target":{"@type":"EntryPoint","urlTemplate":"https:\/\/drszakalagnes.hu\/?s={search_term_string}"},"query-input":{"@type":"PropertyValueSpecification","valueRequired":true,"valueName":"search_term_string"}}],"inLanguage":"hu"}]}},"_links":{"self":[{"href":"https:\/\/drszakalagnes.hu\/index.php\/wp-json\/wp\/v2\/pages\/40","targetHints":{"allow":["GET"]}}],"collection":[{"href":"https:\/\/drszakalagnes.hu\/index.php\/wp-json\/wp\/v2\/pages"}],"about":[{"href":"https:\/\/drszakalagnes.hu\/index.php\/wp-json\/wp\/v2\/types\/page"}],"author":[{"embeddable":true,"href":"https:\/\/drszakalagnes.hu\/index.php\/wp-json\/wp\/v2\/users\/1"}],"replies":[{"embeddable":true,"href":"https:\/\/drszakalagnes.hu\/index.php\/wp-json\/wp\/v2\/comments?post=40"}],"version-history":[{"count":9,"href":"https:\/\/drszakalagnes.hu\/index.php\/wp-json\/wp\/v2\/pages\/40\/revisions"}],"predecessor-version":[{"id":680,"href":"https:\/\/drszakalagnes.hu\/index.php\/wp-json\/wp\/v2\/pages\/40\/revisions\/680"}],"wp:attachment":[{"href":"https:\/\/drszakalagnes.hu\/index.php\/wp-json\/wp\/v2\/media?parent=40"}],"curies":[{"name":"wp","href":"https:\/\/api.w.org\/{rel}","templated":true}]}}

Adatkezelési tájékoztató

<div class="gb-element-0f5f3de7">
<h1 class="gb-text gb-text-8067e849">Adatkezelési tájékoztató</h1>



<p>Az adatkezelő neve: <strong>dr. Szakál Ágnes</strong> tanácsadó szakpszichológus<br>Elérhetőség: <strong>drszakalagnes@gmail.com</strong><br>Rendelő címe: <strong>6000 Kecskemét, Bajcsy-Zsilinszky krt. 2/A fszt.4.</strong></p>



<p>Az adatkezelés célja:<br>– kapcsolatfelvétel<br>– időpontegyeztetés e-mailen keresztül</p>



<p>A kezelt adatok köre:<br>– név<br>– e-mail cím<br>– az üzenet tartalma</p>



<p>Az adatkezelés jogalapja:<br>Az érintett önkéntes hozzájárulása.</p>



<p>Az adatokat kizárólag az időpontegyeztetés lebonyolításához használom fel, és azokat harmadik félnek nem adom át.</p>



<p>Az e-mailek tartalma fokozottan bizalmas adatokat is érinthet, ezért kérem, hogy az üzenetben ne osszon meg részletesen érzékeny személyes információkat.</p>



<p>Az adatokat az időpontegyeztetés lezárását követően, indokolt ideig őrzöm meg, majd törlöm.</p>



<p>Az érintettet megillető jogok:<br>– tájékoztatás kérése<br>– adatok helyesbítése<br>– adatok törlésének kérése<br>– adatkezelés korlátozása</p>



<p>Jogorvoslati lehetőség:<br>Nemzeti Adatvédelmi és Információszabadság Hatóság (NAIH)</p>
</div>

<p>Adatkezelési tájékoztató Az adatkezelő neve: dr. Szakál Ágnes tanácsadó szakpszichológusElérhetőség: drszakalagnes@gmail.comRendelő címe: 6000 Kecskemét, Bajcsy-Zsilinszky krt. 2/A fszt.4. Az adatkezelés célja:– kapcsolatfelvétel– időpontegyeztetés e-mailen keresztül A kezelt adatok köre:– név– e-mail cím– az üzenet tartalma Az adatkezelés jogalapja:Az érintett önkéntes hozzájárulása. Az adatokat kizárólag az időpontegyeztetés lebonyolításához használom fel, és azokat harmadik félnek nem adom &#8230; <a title="Adatkezelési tájékoztató" class="read-more" href="https://drszakalagnes.hu/index.php/adatkezelesi-tajekoztato/" aria-label="Read more about Adatkezelési tájékoztató">Olvass tovább</a></p>

<!-- This site is optimized with the Yoast SEO plugin v27.0 - https://yoast.com/product/yoast-seo-wordpress/ -->
<title>Adatkezelési tájékoztató | dr. Szakál Ágnes</title>
<meta name="robots" content="noindex, follow" />
<meta property="og:locale" content="hu_HU" />
<meta property="og:type" content="article" />
<meta property="og:title" content="Adatkezelési tájékoztató | dr. Szakál Ágnes" />
<meta property="og:description" content="Adatkezelési tájékoztató Az adatkezelő neve: dr. Szakál Ágnes tanácsadó szakpszichológusElérhetőség: drszakalagnes@gmail.comRendelő címe: 6000 Kecskemét, Bajcsy-Zsilinszky krt. 2/A fszt.4. Az adatkezelés célja:– kapcsolatfelvétel– időpontegyeztetés e-mailen keresztül A kezelt adatok köre:– név– e-mail cím– az üzenet tartalma Az adatkezelés jogalapja:Az érintett önkéntes hozzájárulása. Az adatokat kizárólag az időpontegyeztetés lebonyolításához használom fel, és azokat harmadik félnek nem adom ... Olvass tovább" />
<meta property="og:url" content="https://drszakalagnes.hu/index.php/adatkezelesi-tajekoztato/" />
<meta property="og:site_name" content="dr. Szakál Ágnes" />
<meta property="article:modified_time" content="2026-03-11T15:36:36+00:00" />
<meta name="twitter:card" content="summary_large_image" />
<meta name="twitter:label1" content="Becsült olvasási idő" />
	<meta name="twitter:data1" content="1 perc" />
<script type="application/ld+json" class="yoast-schema-graph">{"@context":"https://schema.org","@graph":[{"@type":"WebPage","@id":"https://drszakalagnes.hu/index.php/adatkezelesi-tajekoztato/","url":"https://drszakalagnes.hu/index.php/adatkezelesi-tajekoztato/","name":"Adatkezelési tájékoztató | dr. Szakál Ágnes","isPartOf":{"@id":"https://drszakalagnes.hu/#website"},"datePublished":"2026-02-13T14:56:28+00:00","dateModified":"2026-03-11T15:36:36+00:00","breadcrumb":{"@id":"https://drszakalagnes.hu/index.php/adatkezelesi-tajekoztato/#breadcrumb"},"inLanguage":"hu","potentialAction":[{"@type":"ReadAction","target":["https://drszakalagnes.hu/index.php/adatkezelesi-tajekoztato/"]}]},{"@type":"BreadcrumbList","@id":"https://drszakalagnes.hu/index.php/adatkezelesi-tajekoztato/#breadcrumb","itemListElement":[{"@type":"ListItem","position":1,"name":"Home","item":"https://drszakalagnes.hu/"},{"@type":"ListItem","position":2,"name":"Adatkezelési tájékoztató"}]},{"@type":"WebSite","@id":"https://drszakalagnes.hu/#website","url":"https://drszakalagnes.hu/","name":"dr. Szakál Ágnes","description":"EMDR terapeuta - Kecskemét","potentialAction":[{"@type":"SearchAction","target":{"@type":"EntryPoint","urlTemplate":"https://drszakalagnes.hu/?s={search_term_string}"},"query-input":{"@type":"PropertyValueSpecification","valueRequired":true,"valueName":"search_term_string"}}],"inLanguage":"hu"}]}</script>
<!-- / Yoast SEO plugin. -->

Adatkezelési tájékoztató | dr. Szakál Ágnes

Adatkezelési tájékoztató Az adatkezelő neve: dr. Szakál Ágnes tanácsadó szakpszichológusElérhetőség: drszakalagnes@gmail.comRendelő címe: 6000 Kecskemét, Bajcsy-Zsilinszky krt. 2/A fszt.4. Az adatkezelés célja:– kapcsolatfelvétel– időpontegyeztetés e-mailen keresztül A kezelt adatok köre:– név– e-mail cím– az üzenet tartalma Az adatkezelés jogalapja:Az érintett önkéntes hozzájárulása. Az adatokat kizárólag az időpontegyeztetés lebonyolításához használom fel, és azokat harmadik félnek nem adom ... Olvass tovább

dr. Szakál Ágnes

EMDR terapeuta - Kecskemét
